umber?
False
Suppose -7*m + 49430 = -133816. Suppose 6650 - m = -8*v. Is v a composite number?
False
Let s = -6220 + 10209. Is s prime?
True
Let h = 1971 + -1177. Is (1*h/(-2))/(-1) composite?
False
Suppose 0*g = -5*g + 1375. Suppose 0 = 2*k - 219 - g. Is k composite?
True
Let f(s) = -2*s - 34. Let x be f(-17). Suppose x = r - 244 - 49. Is r a composite number?
False
Let y(z) = 12767*z**2 - 14*z - 14. Is y(-1) a composite number?
True
Suppose 0 = -5*g - 4*a + 7565, -g + 2*a = 4*a - 1519. Suppose -f + g = 2*f. Is f prime?
True
Let u(p) = 719*p**2 + 5*p - 13. Is u(-6) a composite number?
False
Let z = -592 - -2421. Is z composite?
True
Let m(a) = -a - 7. Let q be m(-14). Suppose q*w = w + 186. Suppose 3*v = 172 - w. Is v a prime number?
True
Suppose -11*x + 24 - 13 = 0. Is x/(1538/8338 + 4/(-22)) a composite number?
False
Suppose t = -8*t + 135. Suppose 1233 = 3*v - 2*p, p - t = 6*p. Is v composite?
False
Suppose 3*y = 3*b - 6, 0 = 4*b - 3*b + 4*y - 2. Suppose -3*h - 2*f = -1469, -5*f = h - b*f - 499. Is h composite?
False
Suppose -14*s + 17*s - 1971 = 0. Let o = s + -170. Is o a prime number?
True
Is 17 + 30135 - (-1 + 4/2) prime?
False
Let o be (6/6)/(3/24). Suppose o = 3*w - 4*w. Is (-2530)/w + 6/8 a composite number?
False
Suppose 2*x = 3*n + 1417, 5*n = -2*x + x - 2353. Suppose -19*v = -22*v + 6. Is 10/(-20) - n/v a prime number?
False
Let q(k) = 0 + 126*k + 4 + 209*k. Is q(3) a composite number?
False
Is (4783/3)/((50/15)/10) a prime number?
True
Let s(x) = 9*x**3 - 3*x**2 + 4*x + 54. Is s(8) a composite number?
True
Let i be (-2)/9 - 16/(-72). Suppose -3*m = -4*t + 4, 6 = 5*t - 4*m - i. Is ((-50)/(-8))/(t/(-8)) a prime number?
False
Let s(j) = -j - 30. Let d be s(9). Is d/(-65) - 15362/(-5) a prime number?
False
Let n(w) = -413*w - 12. Suppose 0 = -3*d + 5*q - q - 31, -3*d + 2*q - 23 = 0. Is n(d) a composite number?
False
Let y(k) = -2*k + 4. Suppose 0 = 3*c - v - 4*v + 12, -2*c - 5*v - 8 = 0. Let q be y(c). Is 2064/22 - q/(-66) a composite number?
True
Let q(n) = -n**3 + 19*n**2 - n - 41. Is q(18) composite?
True
Let f be 0/((-4 - -3)/(-1)). Suppose 10*j - 4*j + 18 = f. Is ((-68)/(-8))/(j/(-102)) a composite number?
True
Let j = -76 + 74. Is (-1 - 14)*(-3 - j) prime?
False
Suppose -14578 = -b + 5*q, 5*b - 3*q - 84563 = -11563. Is b a prime number?
False
Let t = -17075 - -34722. Is t prime?
False
Suppose 53*f = -45474 + 301517. Is f composite?
False
Suppose 39*d = 7*d + 339008. Is d prime?
False
Suppose -5*g = 4*t - 14807, -10*g + 14792 = -5*g - t. Is g composite?
True
Let b(i) = -139*i + 8. Let p be -11 + (-2 - (-1 - (-9)/(-3))). Is b(p) a composite number?
False
Let k(a) = -221*a + 5. Let y be k(-7). Suppose 0 = -5*b - 5, 2*r - 4*b = y + 46. Is r a prime number?
True
Suppose 4*n + 0*f - 33671 = -3*f, -25256 = -3*n - 5*f. Is n a prime number?
False
Suppose -35*s + 19*s = -197744. Is s composite?
True
Let n = -17 - -52. Is 2/(-7) + (13875/n)/5 prime?
True
Let l(v) = 6*v**3 - 23*v**2 + 19*v + 1. Is l(14) composite?
True
Suppose -13*a = -240566 - 49893. Is a a composite number?
False
Let n(f) = -3*f + 1 + 6*f - f**3 + 5*f - 9*f**2 - 3*f. Let k be ((-6)/4)/(15/100). Is n(k) prime?
False
Suppose 0 = 2*o - 145 + 3995. Let c = -408 - o. Is c a composite number?
True
Suppose -h + 2*u = h - 10752, -3*h = -u - 16138. Is h prime?
True
Let z(i) = -4*i**2 - 3*i - 1. Let h be z(-2). Let t(q) be the second derivative of q**4/12 - 7*q**3/6 + 11*q**2/2 - 9*q. Is t(h) a prime number?
False
Let c = -11 + 13. Suppose -3*a - 236 - 210 = -5*p, 0 = c*p - 2. Is a/(-6) - (-1)/2 a prime number?
False
Suppose -4*l + 17 = -3*b - 14, 0 = -4*l + b + 21. Suppose l*u - 3*d - 1568 = -0*d, -4*d - 379 = -u. Is u a composite number?
True
Is (-36 + 35)/((-3)/14583) a composite number?
False
Let b(m) = -m - 4. Let y(i) = 1. Let a(f) = -b(f) - 2*y(f). Let j be a(1). Suppose 0*q = -j*v - 4*q + 57, -4*v - 5*q + 76 = 0. Is v composite?
False
Let n = 93 - 132. Let p = n + 52. Is p composite?
False
Let g = 170 - 170. Suppose 0 = s + 3 - 5. Suppose g = p + s*p - 879. Is p prime?
True
Let u be (-10)/(-4)*(-24)/15. Let x be 0 - (u/2 - 0). Suppose 3*p = x*y - 134, y - 2*p = p + 67. Is y composite?
False
Let f = 12 - 7. Suppose -c + 4*c - 1 = y, f = 5*y - 5*c. Suppose -y*u - 2*u = -388. Is u a prime number?
True
Suppose 0 = 2*v + 18 - 48. Is (4 + -2023)*(-5)/v prime?
True
Let r(f) = f**2 - 6*f - 18. Let m be r(8). Let y be m + 4/2 + 0. Suppose y = -16*j + 14*j + 38. Is j composite?
False
Is 1 + (-22)/24 - 22964246/(-408) composite?
True
Suppose 0 = -5*s - 1 + 31. Let r be (16/s + -2)*6. Suppose 5*o = 3*i - 5 + 551, 3*o - r*i = 321. Is o a prime number?
False
Suppose -21*j + 171 = -22*j. Let m = j + 240. Is m composite?
True
Is (-5 + (-1 - 4951))*-1 a composite number?
False
Let d(u) = u + 10*u**2 + 3 - 6*u - 11. Is d(5) a prime number?
False
Let n = 79 - 66. Let s be (-12)/30 + (-66)/(-15). Suppose s*j + 3 = d, d - 4*j - n = -2*j. Is d a prime number?
True
Let r(l) = -l**2 - 7*l + 10. Let q be r(-8). Suppose 0 = q*d - 4*w - 2028, 6*d - d - 5030 = 2*w. Suppose -8*g = -4*g - d. Is g prime?
True
Let z = -27 + 19. Let k be ((-4095)/52)/((-2)/z). Let g = k + 566. Is g a composite number?
False
Let q be -3 - 46*343/2. Is (q/16)/(3/(-12)) prime?
True
Suppose z - 1967 = -5*j, 0 = -2*j + 6*z - z + 803. Is j composite?
True
Suppose 0 = 5*s + 2*m - 99735, 4*s = -m - m + 79786. Suppose -4*k + 0*i = 4*i - 15964, 2*i = -5*k + s. Is k a composite number?
False
Let y(i) = 8*i**3 + 6*i**2 - 4*i. Let f = -23 + 29. Let c be y(f). Suppose c + 845 = 5*d. Is d composite?
True
Suppose -3*f + 4 = 13. Let a(p) = 2*p**3 - 31*p**2 - 2*p - 2. Let u(t) = -t**3 + 16*t**2 + t + 1. Let d(i) = f*a(i) - 5*u(i). Is d(12) a prime number?
True
Suppose 7*g - 3*g = 4*w + 288, 5*w + 352 = -3*g. Let m = w + 124. Is m a composite number?
False
Let w(y) = -y**2 - 9*y - 8. Let n be w(-8). Suppose f = 4*l + 359, -f - 4*f - 3*l + 1910 = n. Is f a prime number?
True
Let k be (919/2)/(77/(-14) - -6). Suppose -k = 5*h - 2354. Is h prime?
False
Is (-258)/(-1) + 2/3*-6 prime?
False
Suppose -z - 2*k + 29 = 2*k, 3*k - 60 = -3*z. Suppose -4*n - 5 = -z, -3*j + 3231 = 4*n. Is j a composite number?
True
Let r(i) = 8*i**2 + 30*i - 10. Let m be r(-9). Suppose -13 + 3 = -2*c. Suppose 3*p - m = l, -487 = -5*p + p + c*l. Is p a prime number?
False
Suppose -39 = -2*j - 3*l, -3*j + 103 = 2*j + 2*l. Let s = j - 12. Is 300/s - 1/3 a composite number?
True
Suppose -5*y + 347 - 52 = 0. Suppose y = -4*t - 13. Let r = t - -43. Is r composite?
True
Let g(b) be the third derivative of b**4/24 - 5*b**3/6 - b**2. Let s be (-6)/(-24) - 0 - (-94)/8. Is g(s) a composite number?
False
Suppose -2*g = -4*o - o - 310, 0 = -3*g - 4*o + 511. Suppose x - 86 = 4*p, -x + 18 = -3*p - 46. Let i = g + p. Is i a composite number?
True
Is (-717316)/(-18) + 7/63 a composite number?
True
Let m = -644 - -1505. Let j = m + -602. Is j a composite number?
True
Suppose 0 = -4*z - 5*m + 6, 5*m = -3*z + 4*m + 10. Suppose -z*r = -0*r - 100. Is (-6)/(-15) - (-7965)/r a composite number?
True
Let w be (132 - (-1 + -3))*2. Let c = w + -13. Is c a composite number?
True
Let u = -72 + 212. Is ((-1)/(-4))/((-1)/(-4)) + u a prime number?
False
Let u(g) = -382*g - 269. Is u(-4) a composite number?
False
Let a = -13854 + 23047. Is a composite?
True
Let l(w) = -1. Let a(y) = -16*y - 4. Let m(p) = a(p) - 10*l(p). Let c be m(-7). Suppose -4*f = -c - 70. Is f prime?
True
Suppose -u + 12 = 8. Suppose 0 = -3*b + u*h + 3109, 0 = -2*h - 2 + 6. Is b a composite number?
False
Let t(r) = -r + 16. Let n be t(-5). Is (-3)/(-7) + 45750/n prime?
True
Let t be 7/(21/(-2))*-3. Let w = -9 + t. Let c(k) = -k**3 - 4*k**2 - 6*k - 12. Is c(w) a composite number?
True
Suppose -4*l + w + 8406 = -4*w, -10503 = -5*l + 4*w. Is l a prime number?
True
Suppose 315 = 3*t + 4*u - 3710, 0 = -u - 1. Suppose -5*n + 622 + t = 0. Suppose -52 - n = -5*b. Is b a prime number?
True
Is (-195)/(-26)*(-4)/(-6) + 8762 prime?
False
Let y = 3 + -5. Let r be 5/(-10) + (-1869)/y. Suppose -6*n - r = -8*n. Is n a composite number?
False
Suppose 5*d + x = 92442, -d - 2*x + 55461 = 2*d. Is d a composite number?
True
Let k = -2735 + 9670. Suppose 3*c + 2*c - k = 0. Is c a composite number?
True
Let k(m) = 9*m**2 - 2*m - 3. Let s be k(-4). L